What is -3 - 0 - (16 - 3 - 21)?
5
Evaluate (-27 - -10) + 3 - (-1 + -6) - 5.
-12
Calculate -17 + 62 - 8 - 44.
-7
Calculate -10 - ((24 - 12) + (-16 - -4)).
-10
Calculate -23 + -18 + 15 - -6.
-20
What is the value of 11 + (12 - (5 + 10))?
8
Calculate (15 - (8 + 3)) + (-16 - -7).
-5
What is the value of (5 - 10) + 11 - (2 - -17)?
-13
Calculate -34 - (23 + -20 - 32).
-5
Evaluate -19 + -1 + (30 - 21) + 24.
13
9 + (-11 - 0 - (104 - 122))
16
12 + (-9 - -6 - -5) + -3
11
What is -74 - (-37 - -20) - -33?
-24
What is the value of -13 + 3 - (40 - 47)?
-3
Evaluate (2 - 4 - 9) + (15 + 12 - 20).
-4
Evaluate -201 - -192 - (2 - (-1 + 10) - -2).
-4
What is the value of 13 - (-2 - -14) - 1 - 3?
-3
What is the value of (1 + 3 + 1 - 8) + 3 + -2?
-2
Calculate (-9 - -16 - -8) + -22.
-7
What is 10 - ((5 - (6 + -4 + 2)) + 11)?
-2
What is the value of 7 - (-9 - -36 - 13)?
-7
Evaluate -3 - (-5 - (-18 - 0)).
-16
Evaluate 11 + -32 + (2 - 2).
-21
What is 4 - (5 + 1 + (3 + -10 - -35))?
-30
2 + -3 + (-4 - (0 - 5))
0
(2 - 11) + 13 - 5
-1
39 - (13 + -3 - (4 - (-1 + 3)))
31
What is 43 - (30 - -1) - (0 + (-3 - 2))?
17
What is the value of -48 + 54 + -11 + -5?
-10
What is -1 + -25 + -2 + (11 - -3)?
-14
What is the value of -69 - -75 - (-9 + 0) - 11?
4
What is the value of 0 + 18 - (-24 + 15 - -21)?
6
Evaluate -2 + 0 - 1 - (-36 + 5 + 26).
2
What is 28 + 0 + (-10 - 27)?
-9
Evaluate 32 + (-12 + -5 + 3 - (-6 - -2)).
22
Evaluate 16 + -30 + 25 + -15.
-4
What is the value of 71 + -78 + -9 + 5 + 11?
0
Evaluate -1 + -2 + 0 + 6 + -6 + -4.
-7
What is the value of (-10 - (-6 + 2 + -16 + -2)) + -2?
10
-198 + 212 - (26 - 0)
-12
Evaluate (-1 - -14 - 18) + 4.
-1
-4 + 3 - (-11 + 22)
-12
Calculate -8 + 12 + (3 + (-1 - -2) - 2).
6
15 - 23 - (-23 + -1) - (-1 + -5)
22
What is -46 + -7 - -65 - (-8 - (4 + -2))?
22
Calculate 31 - 8 - (-6 + 27).
2
Calculate 12 + -21 + (-1 - 4).
-14
What is the value of -18 - (7 - (18 - (-4 + (2 - -8))))?
-13
Calculate 0 - -6 - (20 + -7 + -3).
-4
Calculate 6 + -14 + 4 - (3 - 6 - -5).
-6
Evaluate 15 + (-37 - -4) + 41.
23
What is (0 + 2 - -5) + -7 - (0 - -12)?
-12
Calculate (-10 - 7) + 20 + -1 + 6.
8
What is the value of 1 + 4 + 2 + (37 - 31)?
13
What is -5 + (13 - (-12 + -10))?
30
What is the value of 3 + (7 - (6 - ((6 - 2) + -20)))?
-12
-16 + 1 + ((1 - 18) + 6 - -4)
-22
What is the value of 1 + 32 - (20 - ((7 - 16) + 32))?
36
Evaluate (-11 - 1 - 1) + 8.
-5
Calculate 18 + (-36 - -21) - (1 + -23).
25
(-3 - 2) + -15 + 18 + 20
18
What is the value of -21 + 2 - (384 + -394)?
-9
What is the value of (-3 - -3) + 1 + -17 - -7 - -34?
25
Evaluate -5 - (-4 + -2 + -9 + 1 + 11).
-2
What is the value of (0 - 0) + (-116 - -119) - 4?
-1
What is the value of 23 + 32 + -58 + 31?
28
Evaluate -10 + (8 - -5) + 0.
3
What is the value of 0 + (11 - ((-2 - 0) + (0 - -1)))?
12
Evaluate 2 + -5 + (12 - 6).
3
9 - (9 - (2 - 14))
-12
Evaluate (-2 - 1) + (1 - 0) + -2972 + 2989.
15
What is the value of -2 + -6 + 21 + -12?
1
What is -11 + 2 + -7 + 33 + -6?
11
What is (-5 - -1) + (10 - (3 + -3 + 7))?
-1
What is -6 + 6 + -1 + 4 - -2?
5
What is -7 + (-6 - -25) + -1?
11
What is (-120 + 108 - (-8 - 1)) + 4?
1
Calculate 24 - 14 - (1 + -3).
12
What is -6 + 6 + 12 + -4 - 8?
0
What is the value of 28 + (-30 - (-9 + 40))?
-33
What is the value of 36 + -16 - (45 - 17)?
-8
What is -19 + 5 - -18 - 34?
-30
Evaluate 7 + -2 + 0 + -7 + -4 + 2.
-4
What is the value of 6 + -10 + -6 + 4 + 1 - 10?
-15
Calculate 0 + 11 - (-22 - 6 - -39).
0
5 + 22 + -36 + -2
-11
Evaluate -63 + 72 + 0 + 0 + 1.
10
What is 11 - (14 - (0 + 2 + 9))?
8
What is -25 - -23 - 5 - (-1 + 0)?
-6
-6 - -8 - (7 - (7 - (-8 - -9)))
1
What is the value of 41 - (39 - (-36 + 4))?
-30
Evaluate (1 - 0) + 20 + 53 + (8 - 66).
16
Calculate -11 + (6 - -3) - 8.
-10
Calculate 32 + -46 + 0 + 27.
13
What is the value of -2 - 2 - (-15 + 20 - (2 - 3))?
-10
5 - (19 - (1 + 13 + -1))
-1
What is -3 + (-18 - -17) - -7?
3
Calculate -1 - 1 - -3 - (-13 + 8 + 4).
2
Calculate 73 + -19 + 18 - 41.
31
What is the value of (-230 - -222 - (-19 + -1)) + 8?
20
What is 17 + -1 - 17 - -3?
2
Evaluate -5 - (3 - ((3 - (-2 - 3)) + 1)).
1
58 + (-76 - -43) + -2
23
Calculate 3 + -5 + 1 + 7 + 0 + 1.
7
Evaluate 9 + (-6 - (-19 - -8)).
14
What is -1 + (10 - -12) - 9?
12
What is the value of 27 - (-20 - -7 - -32)?
8
What is the value of (-29 + 16 - 0) + -4 + 24?
7
2 - ((8 - 38) + 14 - -1)
17
What is the value of (0 - -2) + (-28 - -34) - (5 + 1)?
2
-8 - -24 - (84 - 59)
-9
What is the value of -5 + ((-15 - -2) + 20 - -13)?
15
Evaluate -30 + 35 + (2 - (-1 - -3 - 5)).
10
What is the value of ((1 - (4 - 4)) + -9 - -37) + -9?
20
What is the value of (5 - (0 + 7)) + -37 + (7 - -8)?
-24
What is 3 + -8 + 4 - (1 + -6 + 11)?
-7
What is the value of (-2 - 3) + -5 - -43 - 18?
15
-2 - (2 + (1 - (0 + 2 - -3)))
0
Evaluate (-32 - (-25 + -15)) + 10.
18
Calculate 15 + 1 + -177 + 156.
-5
(-6 - -20) + -5 + (-2 - -2)
9
Calculate -85 + 121 - (21 + 1).
14
What is the value of 2 + -2 + (-23 - -11) + 12?
0
Calculate -1 + 20 + -39 + 10.
-10
-5 + 22 - (8 + 1)
8
12 - (9 + -9 + 5)
7
What is the value of (-54 - -6 - -12) + -1 + 10 - -8?
-19
0 + (-14 - 4 - -4) - (-15 - -8)
-7
-3 + -3 + (1 - (-3 - -6)) - 20
-28
What is (-13 + 11 - (-1 + -11)) + 7 + -7?
10
What is -10 + 20 - 5 - (0 + -5)?
10
Calculate 15 - -6 - (6 - 1 - (21 - 11)).
26
What is the value of -6 - -11 - (30 - 10)?
-15
0 - (-46 - -20) - 23
3
Evaluate (206 - 190) + -1 + -18.
-3
Calculate -2 - -28 - (514 + -490).
2
What is the value of -12 - ((7 - 1) + (55 - 57))?
-16
What is the value of -39 - (-49 + 31 + -14)?
-7
Calculate 16 - (8 + -1 + (-1 - -1)).
9
Calculate 19 + (15 - 39) + 3 + 4 + -3.
-1
Calculate (45 - 8) + (-8 - 5).
24
Calculate -22 + 36 + -31 + 15.
-2
What is the value of 11 + 12 + -2 + -20?
1
Evaluate 3 + -9 - -10 - (-1 + 7 - -11).
-13
1 - -3 - ((-31 - -16) + 6)
13
Evaluate 10 - 2 - (15 - (3 + -16 + 12)).
-8
What is the value of 5 - (16 - (7 - 2)) - 0?
-6
Calculate 14 + -17 + (-10 - -6).
-7
What is -9 - (7 + -10 + 5)?
-11
What is the value of -49 + 39 + (2 - 2 - 2)?
-12
Evaluate (11 - (28 + -20 + 14)) + 17.
6
Calculate -1 + -3 + -12 + -23 + 28.
-11
What is (-2 - 2 - 3) + (24 - (8 - 3))?
12
Calculate 0 + (-20 - -14) - -25 - (0 - -8).
11
What is the value of 7 - (6 + -11 - (-2 - 3 - 0))?
7
What is the value of (-28 - -4) + 128 + -98?
6
What is -7 + (8 - (9 - 5) - (1 - -9))?
-13
Evaluate 3 + -26 - (115 + -122).
-16
Calculate (0 - (-6 + -11 + 3)) + -36.
-22
(3 - (-14 + 11)) + -5 + 16
17
-14 + 1 + -19 + -30 + 23 + 24
-15
Evaluate 2 + (4 + 9 - (4 - -6)).
5
Calculate -14 - (-17 - 8) - (-5 + 26).
-10
Evaluate 15 + -37 + (3 - -10).
-9
Calculate -12 + (-10 - (-21 + 11 + 8)).
-20
Calculate (48 - 44) + (1 - (-4 + 1)).
8
What is 4 + 1 + (-17 - 1)?
-13
Calculate 9 + 14 + 19 + -53.
-11
What is 6 + 3 + -3 + -13 - -10?
3
What is 32 - (51 - (-5 + 29))?
5
What is -15 + (3 - ((3 + 0 - 3) + 1))?
-13
What is -29 - (0 - 3 - 34)?
8
What is the value of -2 + -12 - (71 + -65)?
-20
What is the value of (10 - -3) + -21 - -13 - (0 - -5)?
0
-4 + 21 + -12 + 5 + 4
14
What is (4 - (-10 - -7)) + 4 + -11?
0
What is the value of -9 + -5 + (53 + -44 - (-5 - -1))?
-1
What is (1 + 6 - (62 - 63)) + 20?
28
Evaluate 170 + -165 + (-4 + 21 + -3 - -3).
22
Evaluate 1 + -3 + 5 - (-22 + 32).
-7
Evaluate (10 - 8) + 9 + -5 + -23.
-17
What is -1 - 5 - (-36 - -31 - 4)?
3
Evaluate -51 + 17 - -65 - 64.
-33
Calculate 3 + -5 + 14 - (5 - (6 + -1)).
12
What is the value of 23 + 27 + -45 + -19?
-14
Calculate -8 - (-5 + 3 + 0) - -12 - 5.
1
What is -21 - ((4 - 1) + (-20 - -30) + -15)?
-19
What is the value of -12 - (0 + 19 + -16) - (-5 + 2)?
-12
What is the value of 6 + (-51 - -32) - -10?
-3
Calculate (28 - 4) + -10 + -11.
3
Evaluate 33 - (-3 - -19 - -2).
15
Calculate 1 + -2 - (1 + 3 - 5 - -2).
-2
13 + (-10 - (21 - 5))
-13
Calculate 9 + 3 - 10 - (0 + 3 + -6).
5
Evaluate -7 + (-1 - (-4 + 20)) - (-1 + 3).
-26
Evaluate 4 - (6 + 0 + 7) - (5 - -4).
-18
What is the value of -1 - (6 + -1 - (51 - 30) - 4)?
19
-1 - -42 - 62 - (7 + 0)
-28
Calculate -3 - (-5 - (4 - -5)) - -2 - -10.
23
20 + 0 + (-17 - -9)
12
Calculate -5 + 8 + 3 + (4 - 7 - 2).
1
What is (-8 - 1) + 16 + -3 + 15?
19
-14 + -2 + (-4 + 4 + 1 - -4)
-11
Evaluate (2 - -15) + (21 - (1 + 18)) - 9.
10
-16 - (18 + -21 + -5)
-8
What is the value of 4 + (81 + -76 - (9 - 1))?
1
Evaluat